-d + 13 + x = 0. What is the remainder when d is divided by 14?
12
Let m(j) = -3*j - 3. Let d(f) = -f**2 - 1 + 1 - 1 - 4. Let z be d(0). Calculate the remainder when 45 is divided by m(z).
9
Let s(j) = j**2 + 13*j + 39. Let w be ((-28)/(-6))/(6/9). Suppose w*t - 27 = 4*t. What is the remainder when s(-11) is divided by t?
8
Suppose -5*f = 3*l - 29, -3*l + l + 2 = -f. Suppose -6*o + 9 = -l*o. Let i = -6 - -13. Calculate the remainder when i is divided by o.
1
Let t(a) = -a**2 - 4*a + 7. Suppose -3*z = 5*o + 24, 5*z - 34 = -0*o + 4*o. Let p be t(o). What is the remainder when (-78)/15*1*p is divided by 14?
12
Let q = 11 + -6. Let u = -6 + 14. Calculate the remainder when u is divided by q.
3
Suppose -20 = -4*x + 5*a, 1 = 4*x - a - 3. Suppose x*w - 2*w + 20 = 0. What is the remainder when 17 is divided by w?
7
Let n = 22 - -50. Calculate the remainder when n is divided by 19.
15
Let o(p) = -p**3 + 2*p**2 + 4*p + 3. Let u(y) = -12*y - 2. Let w be u(-2). Suppose -6 = 4*b - w. What is the remainder when o(3) is divided by b?
2
Suppose -24 = -o - 5. Let t(f) = f + 2. Let a be t(-2). Suppose -z - 3*z + 40 = a. What is the remainder when o is divided by z?
9
Let a be (-87)/(-12) - (-2)/(-8). Calculate the remainder when (1 - -3)/(4/6) is divided by a/4 + (-1)/(-4).
0
Let a = 72 + -58. Suppose -4*z + 103 = -x, 4*z - x - 77 = z. Calculate the remainder when z is divided by a.
12
Let n = 381 + -232. Let h = -89 + n. Suppose 3*u - 8*u + h = 0. Calculate the remainder when u is divided by 7.
5
Let k(w) = 11*w**2 - 6*w - 2. Let r be k(5). What is the remainder when 2/(-2) + r/3 is divided by 27?
26
Let v = -11 - -14. Suppose 2*s - v*l - 21 = -0*l, l = -3*s + 37. Suppose 48 = 4*j - 44. Calculate the remainder when j is divided by s.
11
Let k(l) = -7*l - 21. Suppose 0 = 2*p + 4*w - 28, -2*p - 4*w = 3*p - 40. What is the remainder when k(-5) is divided by p?
2
Suppose 2*c + 4 = -40. Let s = -4 + 20. Calculate the remainder when 8/(-44) + (-1038)/c is divided by s.
15
Let v(u) = u**2 + 11*u - 3. What is the remainder when 66 is divided by v(-13)?
20
Calculate the remainder when 47 is divided by (-3*(-2)/(-7))/((-3)/42).
11
Suppose -4*c - 2*v - 8 = 3*v, 4*c = -4*v - 4. Suppose -21 = -4*i - x + 87, -5*x + 81 = c*i. Let j = 14 + -7. What is the remainder when i is divided by j?
6
Let v(u) = u**2 + u + 4. Let t = 19 + -2. What is the remainder when t is divided by v(-3)?
7
Let m(i) = -19*i**3 - i**2 - i - 1. What is the remainder when m(-1) is divided by 11?
7
Let u = -90 + 150. Calculate the remainder when u is divided by 21.
18
Let a = 22 + -5. Let g(m) = m**3 - 5*m**2 + 5*m - 1. What is the remainder when g(6) is divided by a?
14
Let p be -11 + -2 + 3 + 2. Let v = 6 - p. Suppose 4*g + g = r + 22, 0 = g + 2*r. Calculate the remainder when v is divided by g.
2
Let y = -156 - -165. What is the remainder when y is divided by 9?
0
Suppose 3*f = -3*t, -4*f + t - 4*t = -5. What is the remainder when 12 is divided by f?
2
Suppose -5*n = 36 - 126. Suppose 3*o - 24 - 6 = 0. Calculate the remainder when n is divided by o.
8
Suppose 3*p - 114 = -0*p. What is the remainder when p is divided by 20?
18
Suppose -5*i + 236 = 4*y, -y + 91 = 2*i + 29. Let x(b) = b**3 + 6*b**2 + 2*b + 4. Calculate the remainder when y is divided by x(-5).
16
Let p = 4 + 1. Let i(j) = 6 - 4*j - 6 - 5 - 3. What is the remainder when i(-4) is divided by p?
3
Suppose 3*x = -x + 40. Calculate the remainder when x is divided by (-8)/(-2) - (0 + 0).
2
Let p be (-8)/10*35/(-14). Let r = 5 - p. Let h = 23 + -15. What is the remainder when h is divided by r?
2
Suppose -5*w = 3*t + 113, w - 2*t = -2*w - 64. Calculate the remainder when 49 is divided by (-554)/(-22) + 4/w.
24
Suppose -5*b + 20 = -p, 2*b - p - 16 = -2*b. Suppose -o - 1 = -11. What is the remainder when o is divided by b?
2
What is the remainder when ((-124)/10)/(12/(-30)) is divided by 17?
14
Suppose 5*z - 10 = -0*z. Suppose 3*t - 5*b - 9 - 35 = 0, -28 = -t + 5*b. Suppose 4*c = t - 0. Calculate the remainder when c is divided by z.
0
Suppose 0 = -0*q + q + 15. Let j = q + 26. Let t = 30 - 10. What is the remainder when t is divided by j?
9
Let z = -45 + 89. Calculate the remainder when z is divided by 23.
21
Let q(d) = -d**3 - 7*d**2 - 7*d + 6. Calculate the remainder when 58 is divided by q(-6).
10
Suppose m = -m - 2*x + 2, x + 17 = 5*m. Suppose 53 = 5*s + 13. What is the remainder when s is divided by m?
2
Suppose 392 - 48 = 4*t. Suppose 2*o = a + t, o - 124 = -2*o + 4*a. Calculate the remainder when o is divided by 23.
21
Suppose 43*w - 47*w + 208 = 0. What is the remainder when w is divided by 18?
16
Suppose 8 = 7*m - 3*m, -347 = -5*v - m. Suppose 4*f + 0*f - 2*q - 90 = 0, -2*f = 5*q - 63. Calculate the remainder when v is divided by f.
21
Suppose -3*d - v = -258, d - 258 = -2*d - 4*v. Calculate the remainder when d is divided by 44.
42
What is the remainder when 101 is divided by 866/30 + (-12)/(-90)?
14
Let u(y) = y**2 + 7*y + 5. What is the remainder when 17 is divided by u(-7)?
2
Suppose 7*s - 3*s = 128. Let p = s - -53. What is the remainder when p is divided by 22?
19
Let x be (1*0/2)/(-1). Suppose -3*d + 33 = -x*d. What is the remainder when 21 is divided by d?
10
Let r(x) = 2 - 3*x**3 + 5*x**2 + 9*x - x**3 - 13*x**2 + 3*x**3. Calculate the remainder when 2 is divided by r(-9).
0
Suppose -3*a = -a + 5*r - 95, -a - 4*r + 40 = 0. Let i be 2 - 7/((-14)/a). Suppose -i = 2*f - 3*f. Calculate the remainder when f is divided by 11.
10
Suppose -5*f - 80 - 60 = 0. Let s = -7 - -18. Calculate the remainder when (-567)/f - (-2)/(-8) is divided by s.
9
Let s be 12/10 - 1/5. What is the remainder when 24 is divided by 1*14*s - 1?
11
Let f(g) = -27*g + 4. What is the remainder when f(-1) is divided by 17?
14
Let s(y) = 12*y + 2. Let i be s(3). Suppose -2*d = -3*t - 4*d + 64, -4*d = t - i. What is the remainder when 34 is divided by t?
16
Calculate the remainder when 25 is divided by (0 + 16 + -3)/1.
12
Calculate the remainder when -2 + 1 - (2 + -48) is divided by 24.
21
Suppose -5*c + 12 - 2 = 0. Suppose 80 = k - c*f, 0 = -3*f - f - 16. Suppose 0*v - k = -4*v. Calculate the remainder when 34 is divided by v.
16
Suppose 4*w = -0*z + z + 8, -4*z = -3*w - 7. Suppose 0 = -4*q + 4*l + 16, 16 = 4*q + w*l + l. What is the remainder when q is divided by 2?
0
Suppose -4*r - 3*i + 9 + 21 = 0, -5*r = -i - 28. Calculate the remainder when 34 is divided by r.
4
Suppose 0 = -3*m + 3 + 12, -t + 38 = 3*m. What is the remainder when t is divided by 12?
11
Suppose 3*d = -7*d + 400. What is the remainder when 319 is divided by d?
39
Let y = -27 + 61. Suppose 0 = 3*n + 12, 120 = -j + 3*j - 2*n. What is the remainder when y is divided by (-4)/6 + j/3?
16
Let w = -4 - -6. Suppose -w*t + 10 = -0*t. Suppose -r - 106 - 34 = -t*a, -5*a + 165 = 4*r. What is the remainder when a is divided by 10?
9
Let j(y) = 10*y**2 + 2. Let m(g) = 25*g - 10. What is the remainder when j(2) is divided by m(1)?
12
Suppose 2*c = 5*t - 435, -4*t + 435 = t + 5*c. Calculate the remainder when t is divided by 22.
21
Suppose 0 = 3*g - 18 - 15. Suppose s + 4*o = -1 - g, -3*o = -4*s + 28. Suppose s*r = 53 - 9. What is the remainder when 20 is divided by r?
9
Suppose -224 = -7*a + 3*a. What is the remainder when a is divided by 19?
18
Suppose 3*u = -4 + 49. Let h(z) = 4*z - 1. What is the remainder when h(11) is divided by u?
13
Suppose -23 + 3 = -5*f. Suppose k - 4*i = f*k - 45, k - i = 15. Let c = 88 + -61. What is the remainder when c is divided by k?
12
Let y be ((-1)/2)/(1/(-24)). Let p = y + -1. Let z = -1 + p. What is the remainder when 19 is divided by z?
9
Let g be (0 - -18) + 26/13. Let b = g - 6. What is the remainder when 53 is divided by b?
11
Let k be (-56)/3 - (-1)/(-3). Suppose -4*g + 14 = -14. What is the remainder when -1 - (-1 + -1) - k is divided by g?
6
Suppose 1 = -3*h + 37. Let l = -5 + h. Calculate the remainder when 27 is divided by l.
6
Let k(v) = 12*v - 5. What is the remainder when k(8) is divided by 31?
29
Suppose -2*d = -d. Suppose -2*g + 6*g - 100 = d. Calculate the remainder when (g - -2)*1/1 is divided by 7.
6
Let l(s) = 3 - 2 + 0 + 0*s - 2*s. Let p be l(2). Let c(g) = -4*g - 1. What is the remainder when 21 is divided by c(p)?
10
Suppose -p - 6*z + 10*z = -17, 0 